{"version":"1.0","provider_name":"Plataforma Dunia","provider_url":"https:\/\/dunia.earth\/es\/","title":"El Amazonas bajo la lupa","type":"rich","width":600,"height":338,"html":"<blockquote class=\"wp-embedded-content\" data-secret=\"KzauFRPuhd\"><a href=\"https:\/\/dunia.earth\/es\/el-amazonas-bajo-la-lupa\/\">La Amazonia bajo la lupa<\/a><\/blockquote><iframe sandbox=\"allow-scripts\" security=\"restricted\" src=\"https:\/\/dunia.earth\/es\/el-amazonas-bajo-la-lupa\/embed\/#?secret=KzauFRPuhd\" width=\"600\" height=\"338\" title=\"\u00abLa Amazonia bajo la lupa\u00bb \u2014 Plataforma Dunia\" data-secret=\"KzauFRPuhd\" frameborder=\"0\" marginwidth=\"0\" marginheight=\"0\" scrolling=\"no\" class=\"wp-embedded-content\"><\/iframe><script>\n\/*! This file is auto-generated *\/\n!function(d,l){\"use strict\";l.querySelector&&d.addEventListener&&\"undefined\"!=typeof URL&&(d.wp=d.wp||{},d.wp.receiveEmbedMessage||(d.wp.receiveEmbedMessage=function(e){var t=e.data;if((t||t.secret||t.message||t.value)&&!\/[^a-zA-Z0-9]\/.test(t.secret)){for(var s,r,n,a=l.querySelectorAll('iframe[data-secret=\"'+t.secret+'\"]'),o=l.querySelectorAll('blockquote[data-secret=\"'+t.secret+'\"]'),c=new RegExp(\"^https?:$\",\"i\"),i=0;i<o.length;i++)o[i].style.display=\"none\";for(i=0;i<a.length;i++)s=a[i],e.source===s.contentWindow&&(s.removeAttribute(\"style\"),\"height\"===t.message?(1e3<(r=parseInt(t.value,10))?r=1e3:~~r<200&&(r=200),s.height=r):\"link\"===t.message&&(r=new URL(s.getAttribute(\"src\")),n=new URL(t.value),c.test(n.protocol))&&n.host===r.host&&l.activeElement===s&&(d.top.location.href=t.value))}},d.addEventListener(\"message\",d.wp.receiveEmbedMessage,!1),l.addEventListener(\"DOMContentLoaded\",function(){for(var e,t,s=l.querySelectorAll(\"iframe.wp-embedded-content\"),r=0;r<s.length;r++)(t=(e=s[r]).getAttribute(\"data-secret\"))||(t=Math.random().toString(36).substring(2,12),e.src+=\"#?secret=\"+t,e.setAttribute(\"data-secret\",t)),e.contentWindow.postMessage({message:\"ready\",secret:t},\"*\")},!1)))}(window,document);\n\/\/# sourceURL=https:\/\/dunia.earth\/wp-includes\/js\/wp-embed.min.js\n<\/script>\n","thumbnail_url":"https:\/\/dunia.earth\/wp-content\/uploads\/sites\/20\/2022\/11\/52388008714_1ab00f665b_h.jpg","thumbnail_width":1600,"thumbnail_height":1067,"description":"&nbsp; La problem\u00e1tica del Amazonas ha sido un campo de batalla en el reciente proceso electoral en Brasil. Es un tema medular tambi\u00e9n en la escena internacional dado la magnitud de la reserva de biosfera y de la fuerte dramatizaci\u00f3n medi\u00e1tica que tuvo lugar alrededor de los incendios forestales del a\u00f1o 2019. M\u00e1s all\u00e1 del&hellip;"}

&nbsp; La problemática del Amazonas ha sido un campo de batalla en el reciente proceso electoral en Brasil. Es un tema medular también en la escena internacional dado la magnitud de la reserva de biosfera y de la fuerte dramatización mediática que tuvo lugar alrededor de los incendios forestales del año 2019. Más allá del&hellip;
